-2*62/t?
4
Suppose 287 - 4517 = 6*k. Let d = -456 - k. What is the units digit of d?
9
Let n(z) = -30153*z + 1251. What is the hundreds digit of n(-2)?
5
What is the tens digit of ((-4)/(-1))/((-425)/(-25) - 120813/7107)?
3
Let w(x) = 18*x - 14. Let g(h) be the third derivative of h**6/120 - 7*h**5/15 + h**3/3 - 42*h**2. Let i be g(28). What is the units digit of w(i)?
2
Let o(w) = 24*w**2 + 11*w - 2. What is the tens digit of o(9)?
4
Let b(k) = -k**3 - 6*k**2 - 6*k - 36. Let s be b(-6). Suppose -700 = -7*z + 3*z - 4*l, s = 2*z + l - 353. What is the units digit of z?
8
Let f(y) = 2*y**2 + 44*y + 90. Let d be -28 - (8/(-6) + 4/(-6)). What is the units digit of f(d)?
8
Let x(y) = -35*y + 350. Let u be x(10). Suppose 37*w - 27350 - 25597 = u. What is the units digit of w?
1
Suppose t - 879 = 3*t + 5*o, 3*o = -4*t - 1723. Let y = t + 208. What is the tens digit of y/(-2)*(-6)/(-9)?
7
Let j(z) = -338*z + 112. Let c be 1*50/(-5) + 6. What is the units digit of j(c)?
4
Suppose 15*u - 23*u + 68360 = 0. What is the thousands digit of u?
8
What is the tens digit of (((-20)/12*14)/(-1))/(4/6)?
3
Suppose -2*i - 15*s = -16*s + 9, -s + 1 = 0. Let g(k) = -5*k**3 + 2*k**2 - 8*k - 28. What is the tens digit of g(i)?
5
Suppose 0 = 2*y - h + 3*h - 36, 2*y = -5*h + 27. Let j = y + -39. What is the units digit of 77*1 + (j - -21)?
0
Let c = 43166 + -10201. What is the ten thousands digit of c?
3
Suppose -2*j + 22771 = -2933. Suppose -20*a + 48*a - j = 0. What is the tens digit of a?
5
Suppose 3*k + 163 = 196. What is the hundreds digit of (692/(-2))/(15 + -6 - k)?
1
Let z(f) = 7*f**2 - 13*f + 60. Let g(y) = -13*y**2 + 26*y - 125. Let v(c) = -3*g(c) - 5*z(c). What is the tens digit of v(-14)?
4
Suppose 0*n + 2*n = -f + 18, 4*f = 5*n - 19. Suppose 9*w = n*w. Suppose -2*v + 5*v - 6 = w. What is the units digit of v?
2
Suppose 59*r - 63*r = -2480. What is the tens digit of (1*2/5)/(2/r)?
2
Let g = 64 - -229. Suppose 4*m - 283 = g. What is the tens digit of m?
4
Suppose -c + 0*c = 0. Let s be 4 + c*5/20. Suppose 3*r = -s*r + 462. What is the tens digit of r?
6
Let f = -140 - -252. Let c = -15604 - -14000. What is the tens digit of (-4)/(f/c) - 4/14?
5
Suppose 2*r = 4*g + 178, g + 223 = 2*r + 6*g. Suppose -16*l = -r - 349. What is the units digit of l?
8
Suppose -13*z + 20396 + 12793 = 0. What is the tens digit of z?
5
Let b = 44 - 42. Let i be 2*(-5)/20 + (-1)/b. What is the units digit of ((1/(-3))/1)/(i/258)?
6
Let k(n) be the first derivative of -39*n**5/4 - n**3/2 - n**2 + 12*n + 41. Let g(w) be the first derivative of k(w). What is the units digit of g(-1)?
6
Let q(g) = -19*g**2 + 1345*g. What is the thousands digit of q(67)?
4
Let i be ((-240)/(-70))/(1/7). Suppose 10*p = -i*p + 2380. What is the tens digit of p?
7
Let k(v) = 32*v + 20. Let c(n) = -n - 7. Let l(w) = -5*c(w) - k(w). Suppose 0 = 3*p - 3*h, -3*p + 3*h - 5*h - 15 = 0. What is the units digit of l(p)?
6
Let f(m) = -2*m**3 + 8*m + 12 - 2*m + 61*m**2 - 59*m**2. What is the units digit of f(-6)?
0
Let c = 15379 + -10713. What is the units digit of c?
6
Let q be (10/6 + 0 + 2)*15. Suppose -2*z + 59 = -q. Let k = z + -8. What is the units digit of k?
9
Let j(p) = -7*p**3 + 6*p**2 + 84*p + 78. What is the thousands digit of j(-8)?
3
Suppose -4*o = 2860 - 312. Let p = -87 - o. Suppose 43*z = 38*z + p. What is the hundreds digit of z?
1
Suppose 3*d + 3*c = -441, 0 = -d - 2*c - 2*c - 156. Suppose 0 = -2*h + 5*s + 31, 0 = 4*h - 2*s - 9 - 93. What is the units digit of -2 + (d/h)/(2/(-14))?
4
Suppose -5*p + 4879 + 4521 = 0. Let x = -668 + p. What is the hundreds digit of x?
2
Let n(r) = -r**3 - 7*r**2 + 18*r + 18. Let x(m) = -13*m**2 - m + 1. Let z be x(-1). What is the units digit of n(z)?
4
Let a(d) = 300*d + 15. Let l be a(5). What is the hundreds digit of l/6*(-32)/(-40)?
2
Suppose 8*r - 93844 = 4*s, -194*r + 4*s = -192*r - 23458. What is the thousands digit of r?
1
Let g = -29 - -33. Suppose -g*o - 2*x - 275 = 55, -o + 4*x = 96. Let a = 213 + o. What is the hundreds digit of a?
1
Suppose 0 = 5*f - 5*g - 290, 3*f = 2*g + 28 + 145. Let t = 159 - -154. Suppose 0 = 3*r - b - t, -2*r + b + 265 = f. What is the units digit of r?
5
Let j(c) = c**3 - 4*c**2 + 3*c - 10. Let g be j(4). Let b be 24 + -9 + (-1 + -1)/g. What is the hundreds digit of (-279)/(-2) + b/28?
1
Let w(s) = -8*s + 5951. What is the tens digit of w(145)?
9
Let x(c) = -9*c + 53. Let b be x(11). Let j = b + 54. What is the hundreds digit of -5 - (-1036)/j - (-2)/(-4)?
1
Suppose -45 - 19 = -8*g. Let v be ((-15)/20)/((-3)/(-2))*g. What is the tens digit of (-2)/v + (-1818)/(-36)?
5
Let v be -60*(2 - (-49)/(-21)). Suppose -7*f - 4*k + 1564 = -3*f, -5*k + v = 0. What is the tens digit of f?
8
Suppose 5*q - 3*q + 70 = -2*z, q - 3*z + 15 = 0. Let n = q - -12. What is the units digit of ((-6)/(-9))/((-3)/n)?
4
What is the thousands digit of (6540/24)/(2/92)?
2
Suppose -v + 26*x - 29*x + 2321 = 0, -3*v - 2*x = -6928. What is the units digit of v?
6
Let u be 289940/245 + 22/14 + -1. Let q = u + -344. What is the hundreds digit of q?
8
Suppose y = -0*g + g + 54, g - 4*y = -51. Let i = 185 + g. What is the tens digit of 4/(-2*(-5)/i)?
5
Let n = 4465 - -17313. What is the hundreds digit of n?
7
Let p be 1/((-2)/6 - (-136)/372). Suppose 9*o - p = 41. Suppose i + 959 = o*i. What is the hundreds digit of i?
1
Suppose -z + 2*o + 81675 = 18462, 5*z + 4*o = 316009. What is the units digit of z?
5
Let j be (34176/36)/((-1 + 2)/3). Suppose x + 2*u = 6*x - j, 0 = -5*x - u + 2836. What is the tens digit of x?
6
Suppose -5*n + 4*b = -5865, -243 = 2*n + 4*b - 2561. Let a = 2036 - n. What is the hundreds digit of a?
8
Let g(l) = -l**2 + 37*l - 74. Let t be g(39). Let p = t - -2091. What is the units digit of p?
9
Let i(a) = 8 + 2*a + 4 - 23 + 2*a**2 + 10. Suppose 0*l - 5*n = 2*l - 15, -4*l - 4*n + 24 = 0. What is the units digit of i(l)?
9
What is the units digit of ((-186186)/155)/(567/(-180) - (-3 - 0))?
8
Let a = -22 - -13. What is the tens digit of (-1527)/(-2)*(2 - (-12)/a)?
0
What is the ten thousands digit of 12635 - (7 - (16 - -6))?
1
Let g = -4486 - -50755. What is the units digit of g?
9
Suppose 493 = -4*c - o - 472, -738 = 3*c - 4*o. Let k(m) = -414*m. Let z be k(1). Let d = c - z. What is the tens digit of d?
7
Let r be (42/49)/((-7)/9996). Let w = r + 2123. What is the tens digit of w?
9
Let t be (-12)/4 + (762 - -1). Suppose -26*s = -16*s - t. What is the units digit of s?
6
Suppose 557*c + 7*g = 559*c - 29971, -4*g + 12 = 0. What is the thousands digit of c?
4
Let r(c) = -c**3 + 5*c**2 - 13*c + 7. Let v be r(-8). Suppose 12*b - 11*b - v = 0. What is the hundreds digit of b?
9
Let d = -220 - -224. Suppose -4*k = d*r - 1966 - 246, -2*k + 1109 = -r. What is the tens digit of k?
5
Let y(j) = -j**3 + 23*j**2 + 2*j - 46. Let h be y(23). Suppose h = -4*r - w + 3635, -5*w + 12 = -3. What is the hundreds digit of r?
9
Let d be (-11)/(-6)*-4*3*-2. Let g = 14 - d. What is the hundreds digit of (1/(-1) + 53)/((-12)/g)?
1
Let o(a) = a**2 - 10*a + 7. Let x(z) be the third derivative of -z**4/24 - 4*z**2. Let c(s) = o(s) - 5*x(s). What is the tens digit of c(11)?
7
Suppose 5*a = -3*f + 29063 + 76225, 2*a - 175518 = -5*f. What is the units digit of f?
6
Let h be 360/100*(-10)/(-6). Suppose h*f + 91 + 71 = 0. Let a = 34 + f. What is the units digit of a?
7
Suppose -10 = -3*d + 8*d. Let r be 1 + (1 - -18) + (-95)/19. What is the units digit of (d - -1)*(r/(-5) + -1)?
4
Let f(o) be the third derivative of -7*o**6/60 + o**5/10 + 13*o**3/6 - 4*o**2. What is the units digit of f(-3)?
5
Suppose -25*f + 112 = 12. Suppose 0 = -4*r - 3*s + 3521, -f*s + 4402 = -18*r + 23*r. What is the units digit of r?
8
Suppose -10*l + 263 - 63 = 0. Suppose l*j = -18*j + 54416. What is the thousands digit of j?
1
Let p = 69 + -69. Suppose 5*c - 5*w + 285 = 4730, 2*c - 4*w - 1768 = p. Suppose 13*m - 19*m = -c. What is the tens digit of m?
4
Let v(b) = -507*b**2 + 7*b - 40. Let p be v(7). What is the thousands digit of (-63)/(-147) - (p/21 + 1)?
1
What is the hundreds digit of (4/4 - (-420721)/21) + (-32)/(-12)?
0
Let r = -25263 + 56921. What is the tens digit of r?
5
Let d(l) = -1269*l - 45. What is the hundreds digit of d(-4)?
0
What is the thousands digit of (-13 + 14)/((-1)/(-8127))?
8
Let z